e q(-12). Suppose 2*n + y = -0*n - 3*h, 5*h = 5. Let x(z) = -5*z - 3. List the prime factors of x(n).
17
Let u = -392 + 565. Suppose 3*p - u = -2*f, -4*f + 2*f - 2*p = -174. Suppose -3*g + 2*g - 93 = -2*t, 2*t - f = 2*g. List the prime factors of t.
7
What are the prime factors of (1/(-2))/(21/(-29400))?
2, 5, 7
Let z = 90 - 170. Let i be (-2 - 1)*z/15. Suppose -3*r - s + 50 = -6*s, s = r - i. List the prime factors of r.
3, 5
Let h(k) = 123*k - 4. Let f = 15 + -14. List the prime factors of h(f).
7, 17
Let k(g) = g**3 + 45*g**2 + 84*g - 324. What are the prime factors of k(-40)?
2, 13, 83
Suppose 163*q - 171*q + 7496 = 0. List the prime factors of q.
937
Let h = 1035 - 89. List the prime factors of h.
2, 11, 43
What are the prime factors of 3143 + ((-66)/(-198))/((-1)/18)?
3137
Let j(d) = -2*d + 8. Let s be j(4). List the prime factors of (-1)/(-4)*s - -71.
71
Suppose 0 = 61*p - 63313 - 65824. What are the prime factors of p?
29, 73
Let q(r) = -r**3 - 11*r**2 + 25*r - 3. Let k be q(-14). Suppose -6*j + 673 = 3*y - 11*j, -j = y - k. List the prime factors of y.
3, 7, 11
Suppose 3*y + 2076 = p, -5*y = 4*p - 3*y - 8276. What are the prime factors of p?
2, 3, 5, 23
Suppose 1037 - 32793 = -17*y. What are the prime factors of y?
2, 467
Suppose 3*o + 3*b = -9, 0 = -2*o - 3*o + 3*b - 7. Let y be (3 + o)*(-1 - 0). List the prime factors of ((-56)/(-2))/(2 + y).
2, 7
List the prime factors of 93/217 - 29324/(-14).
5, 419
What are the prime factors of 1 - -451 - ((-14)/(-2) - 7)?
2, 113
Suppose 5*r - 3883 = -g, 0 = -522*r + 520*r + g + 1556. What are the prime factors of r?
3, 7, 37
Let r(u) = 1 + 1 - 39 + 17 - 14*u. List the prime factors of r(-13).
2, 3
Let s(t) = -t**3 + 4*t**2 + 5*t - 12. Let j be s(5). Let v(x) = -x**2 - 16*x + 8. List the prime factors of v(j).
2, 7
Suppose -2*l = -q - 16, 0*q + 2*l + 20 = -5*q. Let f = q + 3. What are the prime factors of (-5 - f)*-1*10?
2, 5
What are the prime factors of (-65067)/23*2/(-6)?
23, 41
Let w = -13 + 17. Suppose x = -w*x + 10. Suppose -x*v + 33 + 61 = 0. What are the prime factors of v?
47
Let w(v) = v**3 + 13*v**2 + 12*v - 1. Let a be w(-9). Suppose 2*p + 3*q = -2*p + a, 0 = -4*p - 4*q + 216. What are the prime factors of p?
53
Let b be (-6660)/(-34) - (-4)/34. Suppose 4*c - 3*o - 2*o + b = 0, 0 = 3*o. Let v = c + 86. List the prime factors of v.
37
Suppose 13*v = 5067 + 1368. What are the prime factors of v?
3, 5, 11
Suppose -4*k = -5*y - 167, -4*y - 2*k + k = 121. List the prime factors of -6*y*2/4.
3, 31
Let r(m) = 245*m**3 - 2*m**2 + 27*m - 26. List the prime factors of r(1).
2, 61
Let h be (-3 + -1)*1 - -9. Suppose h*z - 305 = 130. List the prime factors of z.
3, 29
Let v be 8*(0 + (-2)/(-4)). What are the prime factors of ((-222)/24)/((-1)/v)?
37
Let l(a) = 19*a**3 + 4*a**2 + 17*a - 115. What are the prime factors of l(5)?
3, 5, 163
Let n = 283 - -138. Let c = -217 + n. What are the prime factors of c?
2, 3, 17
Suppose 9*k = 7*k + 6. Suppose 2*b = -3*z + 20, 0 = -4*b + k*b - z + 10. Suppose 8*n = b*n - 44. List the prime factors of n.
2, 11
Suppose -12 = -2*k - 4*x, -3*k = -4*x - 1 + 3. Suppose 0*o = -5*o. Suppose -h + 4 = h, k*z + 2*h - 64 = o. What are the prime factors of z?
2, 3, 5
Let k be ((-24)/(-16))/((-6)/16). Let q = 8 + k. Suppose -q*d - 4*s + 26 - 10 = 0, -2*d + 7 = 3*s. List the prime factors of d.
5
Suppose -5*d + 355 = 3*c - 4*c, 236 = 3*d + 4*c. Suppose y = -y + d. Let h = -10 + y. List the prime factors of h.
2, 13
Suppose -26*a + 24*a = 2. List the prime factors of 16/(-8) + a + 32.
29
Suppose 0 = -2*g + 1700 + 310. List the prime factors of g.
3, 5, 67
Let k = 6 + -12. What are the prime factors of ((-1464)/32)/(k/8)?
61
List the prime factors of (682/55)/(3/135).
2, 3, 31
What are the prime factors of 72/(-30)*(-755)/3?
2, 151
Suppose -4*o + 38 = -98. What are the prime factors of o?
2, 17
Let t(n) = n**3 + 10*n**2 + 16*n + 4. Let v be t(-8). Suppose -382 = -v*a + 2*b, -3*b + 9 = -0. What are the prime factors of a?
97
Let t = 1012 + -879. What are the prime factors of t?
7, 19
List the prime factors of -29*((-2)/1)/2.
29
Let y(m) = m**3 + 7*m**2 + 6*m + 9. Let r be y(-6). List the prime factors of (-3066)/(-18) - (-6)/r.
3, 19
List the prime factors of (-26468)/91*1*21/(-6).
2, 509
Suppose 0 = 4*l - l + 4*a - 7, -3*a = 6. Suppose l*s = 450 + 165. Let k = s + -79. List the prime factors of k.
2, 11
Let z = -66 - 14. Let u = 95 - z. What are the prime factors of u?
5, 7
Let z = 41 + -41. Let i(q) = -2*q**2 + 104. List the prime factors of i(z).
2, 13
List the prime factors of (5/2)/(48/11616).
5, 11
Let v(j) = -2*j**2 + 34*j + 3. Let i be v(17). Suppose -3*z - 3*s + 486 = 0, -i*z + s - 87 = -561. What are the prime factors of z?
3, 53
What are the prime factors of 833 - (7 + -8) - -2?
2, 11, 19
Let p = -81 + 77. What are the prime factors of 102/(-1*1*8/p)?
3, 17
Let m(k) = -2*k + 4. Let u be m(0). Suppose u*p = -5*j + j - 4, 5*j = 3*p - 21. What are the prime factors of p?
2
Let q(h) = 3*h**2 + 5*h. Let j(f) = -8*f + 2. Let i be j(-2). Let d = 14 - i. What are the prime factors of q(d)?
2, 7
Let s(f) = -4*f**3 - 29*f**2 - 66*f + 2. What are the prime factors of s(-9)?
1163
Suppose 0 = -5*h - 3*a + 893, -4*h - 4*a - 89 = -805. What are the prime factors of h?
2, 89
Suppose 0 = -5*k + 2*k + 60. Let m(r) = r**3 - 19*r**2 - 20*r + 18. List the prime factors of m(k).
2, 3
Let x(f) = f + 17. Let d be 4/(-2) + 2 - -279. Let b be d/(-36) + 1/(-4). What are the prime factors of x(b)?
3
Let g be -4 - ((-253)/44)/(1/4). Let r = 34 + g. List the prime factors of r.
53
Suppose 3819 - 6081 = -q. What are the prime factors of q?
2, 3, 13, 29
Let p(a) = -29*a**3 - 2*a**2 + 2*a - 1. Suppose -5*s = 5*w - 15, -w - 2*s - 1 = -3*s. Let k be p(w). Let g = k + 55. What are the prime factors of g?
5
Let c(n) = 3*n + 20. Let p be c(-6). Suppose -p*d - 2 = 2*k + 2, 3*d - 5*k = 26. Suppose d*h + 60 = 4*h. List the prime factors of h.
2, 3, 5
Suppose -45*j = -40*j - 3705. List the prime factors of j.
3, 13, 19
Let i(r) = r**3 + r**2 + r + 1. Let q(n) = -3*n**3 - 3*n**2 + n - 3. Let u(d) = 5*i(d) + q(d). What are the prime factors of u(3)?
2, 23
Let t = 517 + -302. Let q = -122 + t. What are the prime factors of q?
3, 31
Let y(d) = d**2 - 7*d + 7. Let w be y(6). List the prime factors of (-14)/(-4)*(7 + w).
2, 7
Let m(x) = x**2 - 36*x + 73. List the prime factors of m(45).
2, 239
Suppose -6*y + 4*y = 3*x - 2903, 5*y + 962 = x. What are the prime factors of x?
967
Suppose -2 = -2*y + q, -11*q = 5*y - 8*q + 6. Suppose 2*x + y*x = 116. List the prime factors of x.
2, 29
Suppose -5*i + 6373 = 1293. List the prime factors of i.
2, 127
Let a(x) = x**3 + 39*x**2 + 107*x - 37. List the prime factors of a(-35).
2, 13, 43
Let m = 3345 - 1640. List the prime factors of m.
5, 11, 31
Suppose 1 = c - 5. Let l = 3 - c. What are the prime factors of (63/(-12))/(l/8)?
2, 7
Let q = -2065 + 3007. List the prime factors of q.
2, 3, 157
Let j(r) = -7*r**3 + 10*r**2 - 21*r - 59. List the prime factors of j(-5).
1171
Let v(o) = -2*o**3 - 3*o**2 + o - 3. Let s = 38 - 42. What are the prime factors of v(s)?
73
Suppose -3*s + 4*b + 132 = s, 0 = -3*s - 3*b + 123. Suppose -5*x - 3*l - 2 = -45, 0 = -5*x + 3*l + s. Let g(o) = 4*o. List the prime factors of g(x).
2
What are the prime factors of (-58654)/(-15) - (-144)/(-540)?
2, 5, 17, 23
Let z = 15 + -14. Suppose -c - z = -36. Let h = -16 + c. What are the prime factors of h?
19
Suppose -5*m = -11 + 1. Suppose 88 + 12 = m*i. What are the prime factors of i?
2, 5
Let o(h) = 5*h + 13. Let n be o(-9). Let p = n - -2. What are the prime factors of p/(-3 + -1 + 3)?
2, 3, 5
Let y = 52 - 22. List the prime factors of (24/5)/(y/400).
2
Suppose 0 = -18*t + 6104 + 22210. List the prime factors of t.
11, 13
List the prime factors of ((-9)/(-12))/(6/1104).
2, 3, 23
Let q be (-5)/((-1)/(-1)) - -18. Suppose 5*x - 4*n - 233 = 0, n + 0*n + 46 = x. Let r = x - q. List the prime factors of r.
2, 3
What are the prime factors of -1 - (-10)/(20/198)?
2, 7
Let q = 1 + 0. Let d be (q - 7)/(-3) + 3. Suppose 4*p + d*b = 147, -2*p - 3*p + 4*b = -153. List the prime factors of p.
3, 11
Suppose 770 = 32*v - 27*v. List the prime factors of v.
2, 7, 11
Suppose -362*p + 2744 = -313*p. List the prime factors 